{"id":610,"date":"2021-10-03T18:27:32","date_gmt":"2021-10-03T16:27:32","guid":{"rendered":"https:\/\/www.fermedumontforchat.fr\/?post_type=product&#038;p=610"},"modified":"2021-10-05T22:22:00","modified_gmt":"2021-10-05T20:22:00","slug":"tomme-fermiere-demie-cumin-carvie","status":"publish","type":"product","link":"https:\/\/www.fermedumontforchat.fr\/?product=tomme-fermiere-demie-cumin-carvie","title":{"rendered":"Tomme Fermi\u00e8re (Demie) \u2013 Cumin (Carvi)"},"content":{"rendered":"<p>&nbsp;<\/p>\n<table width=\"180\">\n<tbody>\n<tr class=\"\">\n<th scope=\"row\">Pays d\u2019origine<\/th>\n<td class=\"\">\n<div><span class=\"wd_p495\"><a title=\"France\" href=\"https:\/\/fr.wikipedia.org\/wiki\/France\">France<\/a><\/span><\/div>\n<\/td>\n<\/tr>\n<\/tbody>\n<\/table>\n<table width=\"445\">\n<tbody>\n<tr class=\"\">\n<th scope=\"row\">R\u00e9gion<\/th>\n<td class=\"\">\n<div><span class=\"wd_p1071\"><a title=\"Savoie (d\u00e9partement)\" href=\"https:\/\/fr.wikipedia.org\/wiki\/Savoie_(d%C3%A9partement)\">Savoie<\/a>, <a title=\"Haute-Savoie\" href=\"https:\/\/fr.wikipedia.org\/wiki\/Haute-Savoie\">Haute-Savoie<\/a><\/span><\/div>\n<\/td>\n<\/tr>\n<tr class=\"\">\n<th scope=\"row\">Lait<\/th>\n<td class=\"\">\n<div><span class=\"wd_p186\"><a title=\"Lait de vache\" href=\"https:\/\/fr.wikipedia.org\/wiki\/Lait_de_vache\">Vache<\/a><\/span><\/div>\n<\/td>\n<\/tr>\n<tr class=\"\">\n<th scope=\"row\">P\u00e2te<\/th>\n<td class=\"\">\n<div><span class=\"wd_p279\"><a title=\"Fromage \u00e0 p\u00e2te press\u00e9e non cuite\" href=\"https:\/\/fr.wikipedia.org\/wiki\/Fromage_%C3%A0_p%C3%A2te_press%C3%A9e_non_cuite\">Press\u00e9e non cuite<\/a><\/span><\/div>\n<\/td>\n<\/tr>\n<tr class=\"\">\n<th scope=\"row\">Appellation<\/th>\n<td class=\"\">\n<div><span class=\"wd_p1389\"><a title=\"Indication g\u00e9ographique prot\u00e9g\u00e9e\" href=\"https:\/\/fr.wikipedia.org\/wiki\/Indication_g%C3%A9ographique_prot%C3%A9g%C3%A9e\">Indication g\u00e9ographique prot\u00e9g\u00e9e<\/a><\/span><\/div>\n<\/td>\n<\/tr>\n<\/tbody>\n<\/table>\n<p>&nbsp;<\/p>\n<p>Carvi ou cumin des pr\u00e9s<\/p>\n<p><img loading=\"lazy\" decoding=\"async\" class=\"size-medium wp-image-723\" src=\"https:\/\/www.fermedumontforchat.fr\/wp-content\/uploads\/2021\/10\/shutterstock_1772372639-300x200.jpg\" alt=\"\" width=\"300\" height=\"200\" srcset=\"https:\/\/www.fermedumontforchat.fr\/wp-content\/uploads\/2021\/10\/shutterstock_1772372639-300x200.jpg 300w, https:\/\/www.fermedumontforchat.fr\/wp-content\/uploads\/2021\/10\/shutterstock_1772372639-1024x683.jpg 1024w, https:\/\/www.fermedumontforchat.fr\/wp-content\/uploads\/2021\/10\/shutterstock_1772372639-768x512.jpg 768w, https:\/\/www.fermedumontforchat.fr\/wp-content\/uploads\/2021\/10\/shutterstock_1772372639-1536x1024.jpg 1536w, https:\/\/www.fermedumontforchat.fr\/wp-content\/uploads\/2021\/10\/shutterstock_1772372639-2048x1365.jpg 2048w, https:\/\/www.fermedumontforchat.fr\/wp-content\/uploads\/2021\/10\/shutterstock_1772372639-600x400.jpg 600w\" sizes=\"auto, (max-width: 300px) 100vw, 300px\" \/><\/p>\n<p><img loading=\"lazy\" decoding=\"async\" class=\"alignnone size-medium wp-image-719\" src=\"https:\/\/www.fermedumontforchat.fr\/wp-content\/uploads\/2021\/10\/1647483076-huge-300x211.jpg\" alt=\"\" width=\"300\" height=\"211\" srcset=\"https:\/\/www.fermedumontforchat.fr\/wp-content\/uploads\/2021\/10\/1647483076-huge-300x211.jpg 300w, https:\/\/www.fermedumontforchat.fr\/wp-content\/uploads\/2021\/10\/1647483076-huge-1024x720.jpg 1024w, https:\/\/www.fermedumontforchat.fr\/wp-content\/uploads\/2021\/10\/1647483076-huge-768x540.jpg 768w, https:\/\/www.fermedumontforchat.fr\/wp-content\/uploads\/2021\/10\/1647483076-huge-1536x1080.jpg 1536w, https:\/\/www.fermedumontforchat.fr\/wp-content\/uploads\/2021\/10\/1647483076-huge-2048x1440.jpg 2048w, https:\/\/www.fermedumontforchat.fr\/wp-content\/uploads\/2021\/10\/1647483076-huge-600x422.jpg 600w\" sizes=\"auto, (max-width: 300px) 100vw, 300px\" \/><\/p>\n","protected":false},"excerpt":{"rendered":"<p><strong>Prix \/ Kg :<br \/>\n<\/strong><\/p>\n","protected":false},"featured_media":694,"template":"","meta":[],"product_cat":[21],"product_tag":[27],"class_list":{"0":"post-610","1":"product","2":"type-product","3":"status-publish","4":"has-post-thumbnail","6":"product_cat-fromage-sec","7":"product_tag-tomme","9":"first","10":"instock","11":"product-type-simple"},"_links":{"self":[{"href":"https:\/\/www.fermedumontforchat.fr\/index.php?rest_route=\/wp\/v2\/product\/610","targetHints":{"allow":["GET"]}}],"collection":[{"href":"https:\/\/www.fermedumontforchat.fr\/index.php?rest_route=\/wp\/v2\/product"}],"about":[{"href":"https:\/\/www.fermedumontforchat.fr\/index.php?rest_route=\/wp\/v2\/types\/product"}],"wp:featuredmedia":[{"embeddable":true,"href":"https:\/\/www.fermedumontforchat.fr\/index.php?rest_route=\/wp\/v2\/media\/694"}],"wp:attachment":[{"href":"https:\/\/www.fermedumontforchat.fr\/index.php?rest_route=%2Fwp%2Fv2%2Fmedia&parent=610"}],"wp:term":[{"taxonomy":"product_cat","embeddable":true,"href":"https:\/\/www.fermedumontforchat.fr\/index.php?rest_route=%2Fwp%2Fv2%2Fproduct_cat&post=610"},{"taxonomy":"product_tag","embeddable":true,"href":"https:\/\/www.fermedumontforchat.fr\/index.php?rest_route=%2Fwp%2Fv2%2Fproduct_tag&post=610"}],"curies":[{"name":"wp","href":"https:\/\/api.w.org\/{rel}","templated":true}]}}

Tomme Fermière (Demie) – Cumin (Carvi)

<p>&nbsp;</p>
<table width="180">
<tbody>
<tr class="">
<th scope="row">Pays d’origine</th>
<td class="">
<div><span class="wd_p495"><a title="France" href="https://fr.wikipedia.org/wiki/France">France</a></span></div>
</td>
</tr>
</tbody>
</table>
<table width="445">
<tbody>
<tr class="">
<th scope="row">Région</th>
<td class="">
<div><span class="wd_p1071"><a title="Savoie (département)" href="https://fr.wikipedia.org/wiki/Savoie_(d%C3%A9partement)">Savoie</a>, <a title="Haute-Savoie" href="https://fr.wikipedia.org/wiki/Haute-Savoie">Haute-Savoie</a></span></div>
</td>
</tr>
<tr class="">
<th scope="row">Lait</th>
<td class="">
<div><span class="wd_p186"><a title="Lait de vache" href="https://fr.wikipedia.org/wiki/Lait_de_vache">Vache</a></span></div>
</td>
</tr>
<tr class="">
<th scope="row">Pâte</th>
<td class="">
<div><span class="wd_p279"><a title="Fromage à pâte pressée non cuite" href="https://fr.wikipedia.org/wiki/Fromage_%C3%A0_p%C3%A2te_press%C3%A9e_non_cuite">Pressée non cuite</a></span></div>
</td>
</tr>
<tr class="">
<th scope="row">Appellation</th>
<td class="">
<div><span class="wd_p1389"><a title="Indication géographique protégée" href="https://fr.wikipedia.org/wiki/Indication_g%C3%A9ographique_prot%C3%A9g%C3%A9e">Indication géographique protégée</a></span></div>
</td>
</tr>
</tbody>
</table>
<p>&nbsp;</p>
<p>Carvi ou cumin des prés</p>
<p><img loading="lazy" decoding="async" class="size-medium wp-image-723" src="https://www.fermedumontforchat.fr/wp-content/uploads/2021/10/shutterstock_1772372639-300x200.jpg" alt="" width="300" height="200" srcset="https://www.fermedumontforchat.fr/wp-content/uploads/2021/10/shutterstock_1772372639-300x200.jpg 300w, https://www.fermedumontforchat.fr/wp-content/uploads/2021/10/shutterstock_1772372639-1024x683.jpg 1024w, https://www.fermedumontforchat.fr/wp-content/uploads/2021/10/shutterstock_1772372639-768x512.jpg 768w, https://www.fermedumontforchat.fr/wp-content/uploads/2021/10/shutterstock_1772372639-1536x1024.jpg 1536w, https://www.fermedumontforchat.fr/wp-content/uploads/2021/10/shutterstock_1772372639-2048x1365.jpg 2048w, https://www.fermedumontforchat.fr/wp-content/uploads/2021/10/shutterstock_1772372639-600x400.jpg 600w" sizes="auto, (max-width: 300px) 100vw, 300px" /></p>
<p><img loading="lazy" decoding="async" class="alignnone size-medium wp-image-719" src="https://www.fermedumontforchat.fr/wp-content/uploads/2021/10/1647483076-huge-300x211.jpg" alt="" width="300" height="211" srcset="https://www.fermedumontforchat.fr/wp-content/uploads/2021/10/1647483076-huge-300x211.jpg 300w, https://www.fermedumontforchat.fr/wp-content/uploads/2021/10/1647483076-huge-1024x720.jpg 1024w, https://www.fermedumontforchat.fr/wp-content/uploads/2021/10/1647483076-huge-768x540.jpg 768w, https://www.fermedumontforchat.fr/wp-content/uploads/2021/10/1647483076-huge-1536x1080.jpg 1536w, https://www.fermedumontforchat.fr/wp-content/uploads/2021/10/1647483076-huge-2048x1440.jpg 2048w, https://www.fermedumontforchat.fr/wp-content/uploads/2021/10/1647483076-huge-600x422.jpg 600w" sizes="auto, (max-width: 300px) 100vw, 300px" /></p>
